{"id":715,"date":"2015-11-23T19:34:08","date_gmt":"2015-11-23T18:34:08","guid":{"rendered":"http:\/\/ics-hamm.de\/ics\/?page_id=715"},"modified":"2016-08-29T11:29:05","modified_gmt":"2016-08-29T09:29:05","slug":"bewaehrte-rezepte-von-teilnehmern","status":"publish","type":"page","link":"https:\/\/ics-hamm.de\/ics\/?page_id=715","title":{"rendered":"Bew\u00e4hrte Rezepte von Teilnehmern"},"content":{"rendered":"<p>Neben dem Umgang mit dem PC ist f\u00fcr uns auch der Umgang miteinander besonders wichtig. Was ist sch\u00f6ner als bei einer Tasse Kaffee und einem St\u00fcck selbstgebackenen Kuchen miteinander zu kommunizieren.<\/p>\n<p>An dieser Stelle wollen wir bew\u00e4hrtes zum Nachbacken aufzeigen. Alle Rezepte stehen als Download zur Verf\u00fcgung und k\u00f6nnen ausgedruckt werden.<\/p>\n<ul>\n<li><a href=\"http:\/\/ics-hamm.de\/ics\/wp-content\/uploads\/2015\/11\/Quark-Sahne-D\u00fcdder.pdf\" target=\"_blank\">Quark-Sahne Torte <\/a><\/li>\n<li><a href=\"http:\/\/ics-hamm.de\/ics\/wp-content\/uploads\/2015\/11\/Aprikosenkuchen-vom-Blech.pdf\" target=\"_blank\">Aprikosenkuchen<\/a><\/li>\n<li><a href=\"http:\/\/ics-hamm.de\/ics\/wp-content\/uploads\/2015\/11\/Schmand_pietzdocx.pdf\" target=\"_blank\">Schmand-Schicht-Torte<\/a><\/li>\n<li><a href=\"http:\/\/ics-hamm.de\/ics\/wp-content\/uploads\/2015\/12\/Nusskuchen.pdf\" target=\"_blank\">Nusskuchen mit Kirschen<\/a><\/li>\n<li><a href=\"http:\/\/ics-hamm.de\/ics\/wp-content\/uploads\/2016\/02\/Stachelbeerkuchen-vom-Blech.pdf\" target=\"_blank\">Stachelbeerkuchen vom Blech<\/a><\/li>\n<li><a href=\"http:\/\/ics-hamm.de\/ics\/wp-content\/uploads\/2016\/08\/Gro\u00dfmutters-Apfelkuchen.pdf\" target=\"_blank\">Gro\u00dfmutters Apfelkuchen vom Blech<\/a><\/li>\n<\/ul>\n","protected":false},"excerpt":{"rendered":"<p>Neben dem Umgang mit dem PC ist f\u00fcr uns auch der Umgang miteinander besonders wichtig. Was ist sch\u00f6ner als bei einer Tasse Kaffee und einem St\u00fcck selbstgebackenen Kuchen miteinander zu kommunizieren. An dieser Stelle wollen wir bew\u00e4hrtes zum Nachbacken aufzeigen. Alle Rezepte stehen als Download zur Verf\u00fcgung und k\u00f6nnen ausgedruckt werden. Quark-Sahne Torte Aprikosenkuchen Schmand-Schicht-Torte [&hellip;]<\/p>\n","protected":false},"author":2,"featured_media":0,"parent":541,"menu_order":1,"comment_status":"closed","ping_status":"closed","template":"","meta":[],"_links":{"self":[{"href":"https:\/\/ics-hamm.de\/ics\/index.php?rest_route=\/wp\/v2\/pages\/715"}],"collection":[{"href":"https:\/\/ics-hamm.de\/ics\/index.php?rest_route=\/wp\/v2\/pages"}],"about":[{"href":"https:\/\/ics-hamm.de\/ics\/index.php?rest_route=\/wp\/v2\/types\/page"}],"author":[{"embeddable":true,"href":"https:\/\/ics-hamm.de\/ics\/index.php?rest_route=\/wp\/v2\/users\/2"}],"replies":[{"embeddable":true,"href":"https:\/\/ics-hamm.de\/ics\/index.php?rest_route=%2Fwp%2Fv2%2Fcomments&post=715"}],"version-history":[{"count":13,"href":"https:\/\/ics-hamm.de\/ics\/index.php?rest_route=\/wp\/v2\/pages\/715\/revisions"}],"predecessor-version":[{"id":943,"href":"https:\/\/ics-hamm.de\/ics\/index.php?rest_route=\/wp\/v2\/pages\/715\/revisions\/943"}],"up":[{"embeddable":true,"href":"https:\/\/ics-hamm.de\/ics\/index.php?rest_route=\/wp\/v2\/pages\/541"}],"wp:attachment":[{"href":"https:\/\/ics-hamm.de\/ics\/index.php?rest_route=%2Fwp%2Fv2%2Fmedia&parent=715"}],"curies":[{"name":"wp","href":"https:\/\/api.w.org\/{rel}","templated":true}]}}