{"id":491,"date":"2015-10-13T11:18:05","date_gmt":"2015-10-13T09:18:05","guid":{"rendered":"http:\/\/ics-hamm.de\/ics\/?page_id=491"},"modified":"2019-09-23T10:47:18","modified_gmt":"2019-09-23T08:47:18","slug":"uebersicht-pc-programme","status":"publish","type":"page","link":"https:\/\/ics-hamm.de\/ics\/?page_id=491","title":{"rendered":"\u00dcbersicht PC-Programme"},"content":{"rendered":"<p><a href=\"http:\/\/ics-hamm.de\/ics\/wp-content\/uploads\/2016\/02\/Programm-und-Kurzbeschreibungen-1.pdf\" target=\"_blank\" rel=\"noopener\">f<\/a>Mit den folgenden freien Programmen(freeware) haben wir in der Vergangenheit gearbeitet.&nbsp; In dieser \u00dcbersicht geben wir Ihnen eine kurze Beschreibung und den Link, wo Sie dieses Programm kostenlos erhalten k\u00f6nnen. Wir haben uns f\u00fcr die Seite der Computerzeitung &#8222;CHIP&#8220; entschieden, um den download immer gleich zu gestalten.<\/p>\n<p>\u00dcbersicht als PDF<br \/>\n<a href=\"http:\/\/ics-hamm.de\/ics\/wp-content\/uploads\/2017\/03\/Programm-und-Kurzbeschreibungen.pdf\" target=\"_blank\" rel=\"noopener\">Programm und Kurzbeschreibungen<\/a><\/p>\n<p>Das Downloadbild auf der Chip-Seite hat sich ge\u00e4ndert.<br \/>\nDie mit roten Hindergrund versehenden Bereiche sind nur f\u00fcr uns von Bedeutung. Wenn m\u00f6glich, w\u00e4hlen wir den &#8222;manuellen Download&#8220; und pr\u00fcfen im rechten Feld, ob das Programm f\u00fcr das benutzte Betriebssystem geeignet ist.<\/p>\n<div id=\"attachment_685\" style=\"width: 635px\" class=\"wp-caption alignnone\"><a href=\"http:\/\/ics-hamm.de\/ics\/wp-content\/uploads\/2015\/11\/download_bild_chip-Kopie.png\" target=\"_blank\" rel=\"noopener\"><img aria-describedby=\"caption-attachment-685\" loading=\"lazy\" class=\"wp-image-685 size-full\" src=\"http:\/\/ics-hamm.de\/ics\/wp-content\/uploads\/2015\/11\/download_bild_chip-Kopie.png\" alt=\"Neues Downloadbild von CHIP\" width=\"625\" height=\"627\" srcset=\"https:\/\/ics-hamm.de\/ics\/wp-content\/uploads\/2015\/11\/download_bild_chip-Kopie.png 625w, https:\/\/ics-hamm.de\/ics\/wp-content\/uploads\/2015\/11\/download_bild_chip-Kopie-150x150.png 150w, https:\/\/ics-hamm.de\/ics\/wp-content\/uploads\/2015\/11\/download_bild_chip-Kopie-300x300.png 300w\" sizes=\"(max-width: 625px) 100vw, 625px\" \/><\/a><p id=\"caption-attachment-685\" class=\"wp-caption-text\">Neues Downloadbild von CHIP<\/p><\/div>\n<p>&nbsp;<\/p>\n<p>&nbsp;<\/p>\n","protected":false},"excerpt":{"rendered":"<p>fMit den folgenden freien Programmen(freeware) haben wir in der Vergangenheit gearbeitet.&nbsp; In dieser \u00dcbersicht geben wir Ihnen eine kurze Beschreibung und den Link, wo Sie dieses Programm kostenlos erhalten k\u00f6nnen. Wir haben uns f\u00fcr die Seite der Computerzeitung &#8222;CHIP&#8220; entschieden, um den download immer gleich zu gestalten. \u00dcbersicht als PDF Programm und Kurzbeschreibungen Das Downloadbild [&hellip;]<\/p>\n","protected":false},"author":2,"featured_media":0,"parent":20,"menu_order":1,"comment_status":"closed","ping_status":"closed","template":"","meta":[],"_links":{"self":[{"href":"https:\/\/ics-hamm.de\/ics\/index.php?rest_route=\/wp\/v2\/pages\/491"}],"collection":[{"href":"https:\/\/ics-hamm.de\/ics\/index.php?rest_route=\/wp\/v2\/pages"}],"about":[{"href":"https:\/\/ics-hamm.de\/ics\/index.php?rest_route=\/wp\/v2\/types\/page"}],"author":[{"embeddable":true,"href":"https:\/\/ics-hamm.de\/ics\/index.php?rest_route=\/wp\/v2\/users\/2"}],"replies":[{"embeddable":true,"href":"https:\/\/ics-hamm.de\/ics\/index.php?rest_route=%2Fwp%2Fv2%2Fcomments&post=491"}],"version-history":[{"count":19,"href":"https:\/\/ics-hamm.de\/ics\/index.php?rest_route=\/wp\/v2\/pages\/491\/revisions"}],"predecessor-version":[{"id":1114,"href":"https:\/\/ics-hamm.de\/ics\/index.php?rest_route=\/wp\/v2\/pages\/491\/revisions\/1114"}],"up":[{"embeddable":true,"href":"https:\/\/ics-hamm.de\/ics\/index.php?rest_route=\/wp\/v2\/pages\/20"}],"wp:attachment":[{"href":"https:\/\/ics-hamm.de\/ics\/index.php?rest_route=%2Fwp%2Fv2%2Fmedia&parent=491"}],"curies":[{"name":"wp","href":"https:\/\/api.w.org\/{rel}","templated":true}]}}