{"id":20,"date":"2014-05-04T21:32:03","date_gmt":"2014-05-04T19:32:03","guid":{"rendered":"http:\/\/ics-hamm.de\/ics\/?page_id=20"},"modified":"2015-11-22T20:02:14","modified_gmt":"2015-11-22T19:02:14","slug":"pc-programme","status":"publish","type":"page","link":"https:\/\/ics-hamm.de\/ics\/?page_id=20","title":{"rendered":"PC-Programme"},"content":{"rendered":"<p>&nbsp;<\/p>\n<p><span class=\"xr_tl\" style=\"color: #000000;\">Hier m\u00f6chten wir Ihnen die Programme vorstellen, mit denen wir gelernt haben umzugehen und einzusetzen. Wir haben <\/span><span class=\"xr_tl\" style=\"color: #000000;\">uns ausschlie\u00dflich auf Programme konzentriert, die <span style=\"text-decoration: underline;\"><strong>kostenlos im Internet<\/strong><\/span> verf\u00fcgbar sind. Ebenfalls haben wir Wert darauf <\/span><span class=\"xr_tl\" style=\"color: #000000;\">gelegt, diese nur von sicheren und virengepr\u00fcften Seiten zu erhalten.<\/span><\/p>\n<p><strong>\u00a0Was die einzelnen Programme bewirken finden Sie in der Auflistung &#8222;<a href=\"http:\/\/ics-hamm.de\/ics\/?page_id=491\">\u00dcbersicht PC-Programm<\/a>&#8222;, die st\u00e4ndig aktualisiert wird.<br \/>\n<\/strong><\/p>\n<p>Auch das Bedienen der Tastatur ist manchmal schwierig. Deshalb ein Link auf eine Seite, mit der Sie das Schreiben mit einem <a href=\"http:\/\/www.schreibtrainer-online.de\/DE\/Aspx\/SelectExerciseWithCharacters.aspx\" target=\"_blank\">Schreibtrainer <\/a>erlernen k\u00f6nnen.<\/p>\n<p>&nbsp;<\/p>\n","protected":false},"excerpt":{"rendered":"<p>&nbsp; Hier m\u00f6chten wir Ihnen die Programme vorstellen, mit denen wir gelernt haben umzugehen und einzusetzen. Wir haben uns ausschlie\u00dflich auf Programme konzentriert, die kostenlos im Internet verf\u00fcgbar sind. Ebenfalls haben wir Wert darauf gelegt, diese nur von sicheren und virengepr\u00fcften Seiten zu erhalten. \u00a0Was die einzelnen Programme bewirken finden Sie in der Auflistung &#8222;\u00dcbersicht [&hellip;]<\/p>\n","protected":false},"author":2,"featured_media":0,"parent":0,"menu_order":3,"comment_status":"closed","ping_status":"closed","template":"","meta":[],"_links":{"self":[{"href":"https:\/\/ics-hamm.de\/ics\/index.php?rest_route=\/wp\/v2\/pages\/20"}],"collection":[{"href":"https:\/\/ics-hamm.de\/ics\/index.php?rest_route=\/wp\/v2\/pages"}],"about":[{"href":"https:\/\/ics-hamm.de\/ics\/index.php?rest_route=\/wp\/v2\/types\/page"}],"author":[{"embeddable":true,"href":"https:\/\/ics-hamm.de\/ics\/index.php?rest_route=\/wp\/v2\/users\/2"}],"replies":[{"embeddable":true,"href":"https:\/\/ics-hamm.de\/ics\/index.php?rest_route=%2Fwp%2Fv2%2Fcomments&post=20"}],"version-history":[{"count":10,"href":"https:\/\/ics-hamm.de\/ics\/index.php?rest_route=\/wp\/v2\/pages\/20\/revisions"}],"predecessor-version":[{"id":709,"href":"https:\/\/ics-hamm.de\/ics\/index.php?rest_route=\/wp\/v2\/pages\/20\/revisions\/709"}],"wp:attachment":[{"href":"https:\/\/ics-hamm.de\/ics\/index.php?rest_route=%2Fwp%2Fv2%2Fmedia&parent=20"}],"curies":[{"name":"wp","href":"https:\/\/api.w.org\/{rel}","templated":true}]}}